. Let p = -78587 - -78587. Calculate i(p).
-2
Suppose 405*y - 20 = 395*y. Let h(l) be the second derivative of -1/12*l**4 + l**3 + 0 + 5/2*l**y - 18*l. Give h(6).
5
Let t(r) = r**2 - 4*r + 5. Let q(z) = -10*z - 133. Let f(x) = 41*x + 529. Let w(j) = 2*f(j) + 9*q(j). Let h be w(-18). Determine t(h).
10
Let j(z) = 2*z**3 + 2*z**2 + 3*z. Let c(d) = -3*d**3 - 2*d**2 - 4*d + 1. Let y(x) = -3*c(x) - 4*j(x). Let m be 54/81 - 16/24. Determine y(m).
-3
Suppose -2*t - 2*j = 22, -3*t = -11*j + 13*j + 30. Let k(u) be the third derivative of u**6/120 + 2*u**5/15 + 5*u**4/24 + 11*u**3/6 + u**2. Calculate k(t).
-29
Let a(m) = 2*m**2 + 15*m + 7. Suppose -70 = 29*w + 111 + 22. What is a(w)?
0
Let f(j) = 28 + 6*j - 20 - 5*j**2 + j**3 - 2*j**2. Let t be (2 - 1)/(6/36). What is f(t)?
8
Suppose 0 = 4*j + y - 19, 4*j + j - 3*y = 11. Let i(l) = 4*l**2 + 8*l - 2. Let w(m) = 3*m**2 + 5*m. Let c(r) = -5*i(r) + 7*w(r). Give c(j).
6
Let h(b) = b - 185 - b - b - 2*b**2 - 2*b**3 + 198 - 10*b. Calculate h(1).
-2
Suppose -3*l + 19 = -56. Let a(s) = 55*s + 2 - l*s - 29*s. Let k be 2/8 + 62/8. Calculate a(k).
10
Let q(g) be the third derivative of g**5/60 - 11*g**4/24 + 5*g**3/3 + 5993*g**2. Calculate q(5).
-20
Let g(r) = -2*r - 24. Suppose -3*u + 34*y - 21 = 37*y, -5*u - 91 = -3*y. What is g(u)?
4
Let p be (2 - (-68)/(-20))*5. Let r(f) = -f**3 - 6*f**2 + 7*f + 2. Let q be r(p). Let n(s) = -5*s**2 + 3*s + 3 + s**3 + 24*s**q - 14*s**2. Calculate n(-3).
12
Let p(t) = -13*t**2 + 3*t - 3. Let n(j) = -51*j**2 + 23*j - 14. Let o(l) = n(l) - 4*p(l). Determine o(-11).
-2
Let t be (-6)/(-2) - ((-1463)/(-385) + (-8)/10). Let m(b) = b**2 + 2*b + 61. Determine m(t).
61
Let k be (-35)/((30/(-36))/(16/24)). Let a(q) = q**2 - 27*q - 34. Give a(k).
-6
Let v(d) = 11*d**3 - 19*d**2 + 6*d - 10. Let x(q) = -31*q**3 + 55*q**2 - 17*q + 28. Let z(b) = 17*v(b) + 6*x(b). Let u = -27 - -20. Calculate z(u).
-2
Suppose -2*r + 4 = -r, -5*r = -2*c - 14. Suppose 0*b - 6 = c*b, b = u - 5. Let t(q) be the third derivative of -q**4/24 + q**3/6 + 8*q**2. What is t(u)?
-2
Let i(y) = -1901*y**2 + y + 15. Let b be i(0). Let k(w) be the first derivative of -w**3/3 + 15*w**2/2 - 1. Give k(b).
0
Let q(i) = -21*i - 13. Let k(d) = 13*d + 9. Let o(r) = -8*k(r) - 5*q(r). Suppose -h + 0 = -9. What is o(h)?
2
Let m(d) be the third derivative of d**6/360 + 13*d**5/120 + 7*d**4/12 - 7*d**3/3 - 7*d**2. Let w(q) be the first derivative of m(q). What is w(-11)?
-8
Let f be -100 - 5/(-10)*-10. Let i = -101 - f. Let j(r) = -2*r**2 - i*r + 680 - 681 + 3*r**2 - 2*r**2. Calculate j(-5).
-6
Suppose 165 = -2*m - 3*k, m - 2*k = -5*k - 84. Let a = m + 76. Let g(i) = -6 - 2*i + 4*i**3 - 3*i**3 + 6*i**2 + 4*i. What is g(a)?
9
Let r be (12/18)/((-227)/(-75) + -3). Suppose -76*u + r = -71*u. Let j(h) be the first derivative of h**2/2 + 3*h + 5. Calculate j(u).
8
Let h be (-15)/8 + (-8)/64. Let f(j) be the second derivative of -2*j**4/3 - j**3/2 - j**2/2 - 1124*j. Determine f(h).
-27
Suppose -p + a = 8, 3*a = -13 + 22. Let z(m) = -m**2 + 6*m - 2. Let d be z(5). Let i be ((-15)/d)/p - 4. Let s(x) = 2*x**2 + 3*x + 2. Determine s(i).
11
Let y(z) = z**3 - 6*z**2 - 19*z + 30. Let d be y(8). Let t(f) = f - 6. Let r(b) = -b + 7. Let h(o) = d*t(o) + 5*r(o). What is h(0)?
-1
Suppose -d - 2*d = 4*f + 48, 0 = -5*f + 2*d - 83. Let g(m) = -10*m - 153. Determine g(f).
-3
Let x(g) = 64*g - 1. Let p(k) = -126*k. Let n(j) = -3*p(j) - 6*x(j). What is n(-6)?
42
Let o(x) be the second derivative of -1/12*x**4 + 5*x**2 - 2/3*x**3 - 12*x + 2. Determine o(-5).
5
Let t = 235 - 177. Let f(x) = -77 - t - x + 112. What is f(-10)?
-13
Let x(c) = -5*c**2 - 12*c + 6. Let t(y) = -y - 1. Let m(b) = -14*b**2 - 41*b + 12. Let a(i) = -m(i) + 6*t(i). Let r(f) = 4*a(f) + 11*x(f). What is r(-9)?
3
Let q(b) be the second derivative of b**5/20 - b**4/3 + b**3/2 + 805*b. Calculate q(2).
-2
Let g = -3 + 2. Let z = g + -4. Let p(l) be the third derivative of -l**4/12 - l**3 + 3*l**2 + 510*l - 29. Determine p(z).
4
Let s(i) be the first derivative of 27 - 5*i - 1/2*i**2. Determine s(-5).
0
Let p(y) be the third derivative of -1/10*y**5 + 7*y**2 + 0 + 5/24*y**4 - 1/120*y**6 - 5*y - 2*y**3. Calculate p(-7).
2
Let m(n) = -7*n + 11. Let g(p) = -97*p + 110. Let s(o) = g(o) - 3*m(o). Determine s(1).
1
Let t(c) = c**3 - 5*c**2 + 10*c. Let x be t(4). Suppose 1 = 23*n - x*n. Let r(g) = -g - 1. Determine r(n).
0
Let p(a) = -a**3 - 7*a**2 - 7*a + 8. Suppose 5*k + 0*d + 14 = 3*d, -2*k + 3*d - 2 = 0. Let j(l) = -23*l - 98. Let w be j(k). Calculate p(w).
14
Let k(a) = -2*a**2 + 172*a - 23. Let j(m) = -m**2 + 150*m - 21. Let w(z) = -6*j(z) + 5*k(z). Determine w(-10).
11
Let q(b) be the third derivative of -b**6/120 + b**5/15 + b**4/8 - 5*b**3/6 + 2454*b**2. Determine q(3).
13
Let w(a) = 2*a**2 + 2*a - 1. Let m be (-14)/3*(-9)/(-18)*-6. Suppose 16*h + m = 9*h. Determine w(h).
3
Let y(h) = -h - 2. Suppose 0 = 2*x + 5*m + 28, -5*m = 2*x - 3*m + 28. Determine y(x).
12
Let q(m) be the second derivative of -m**5/20 - m**4/3 + m**3 + m**2/2 - 24*m. Let k be -1 + 1 - 12/(-4). Suppose -5*f - k - 17 = 4*o, 0 = 4*f. What is q(o)?
-4
Let y(o) = -222*o + 3984. Let j be y(18). Let c(h) = -h**3 - 12*h**2 - 12. What is c(j)?
-12
Let l be (6 + -5)/(7/3 - 2). Let u be -1 + 5*l/5. Let w(b) = 0*b + 4*b**2 - 9 - 3*b**2 - b - 2*b**u. Calculate w(0).
-9
Let a(q) be the second derivative of 3*q**3/2 + 6*q**2 - q. Let r(z) = 5*z + 7. Let m(x) = 4*a(x) - 7*r(x). Give m(3).
2
Let r be -1*(1 + 6/2)/(42/(-63)). Let y(b) be the third derivative of 0 + 3*b**2 - 5/24*b**4 + 0*b - 5/6*b**3 + 1/120*b**r + 1/15*b**5. Give y(-5).
-5
Let w(s) = 46*s**2 - 49*s + 14. Let j(h) = -33*h**2 + 34*h - 9. Let g(a) = 7*j(a) + 5*w(a). Determine g(-4).
19
Let o(z) be the first derivative of -z**3/3 - 5*z**2 + 16*z - 94. Give o(-16).
-80
Let c(z) be the third derivative of -z**5/60 + 11*z**4/24 + 4*z**3/3 - 481*z**2 + 1. Calculate c(10).
18
Let w = 323 + -323. Let q(m) = -m. Let j(l) = -l - 12. Let v(r) = j(r) - 2*q(r). Determine v(w).
-12
Let n be 11/(-33) + (-14)/(-6). Suppose 4 = -2*f - n. Let y(m) = -4*m + 14*m - m - 10*m. What is y(f)?
3
Let j(h) = -5*h + 2. Let s be (41 + -11)*(-3)/(-6). Let o be (-24)/(-16) - s/(-6). Calculate j(o).
-18
Let v = 7 + -3. Let i(h) = 2*h**3 - 10*h**2 + 11*h - 9. Let q(a) = 8 + a**3 + 6*a - 18 + 5 - 1 - 5*a**2 + 0*a**3. Let d(r) = 3*i(r) - 5*q(r). Calculate d(v).
-1
Let z = -5208 + 5213. Let p(k) = -14*k + 7. Give p(z).
-63
Let i(p) = -p**2 - 7*p + 6. Suppose -588 = -94*k + 178*k. Give i(k).
6
Let l(r) be the second derivative of r**4/6 + 20*r**3/3 - 9*r**2/2 - 11*r - 10. Calculate l(-19).
-47
Let k be (-95073)/(-134) - (-1)/2. Let w = 717 - k. Let g(q) be the first derivative of q**4/4 - 7*q**3/3 - q**2/2 + 6*q - 1. Calculate g(w).
-1
Let j be (-4)/12*24/8 - 4 - 0. Let y(v) = -2*v**2 - 10*v - 14. Give y(j).
-14
Let q be 32/10 + (-1793)/(-326)*16/110. Let n(z) = -7 - 2*z**2 - 3 - 2*z**2 + z**3 + 6*z. What is n(q)?
14
Let x(b) = -5*b**2 - 8*b. Let v(a) = 4*a**2 + 7*a. Let f(o) = 6*v(o) + 5*x(o). Suppose 5*c - 22 = 4*t + 10*c, -5 = -t + 4*c. What is f(t)?
-15
Let g(b) = -4*b. Suppose 153 = -2*v + 161. Let a(j) = j**3 + 4*j**2 - 33*j + 3. Let u be a(v). Calculate g(u).
4
Let r(h) = h**2 + 4*h - 3. Let g be (-66 + 48 + 14)*(-1*1)/(-2). What is r(g)?
-7
Let w(p) be the first derivative of p**4/4 - p**3/3 + 3*p**2 - 11*p - 2337. Give w(2).
5
Let t(v) = v**3 - 5*v**2 - 5. Let n = -6 + 8. Let z be (-22)/16 - (-66)/176. Let h be 1 + z*(-6 + n). What is t(h)?
-5
Let g(l) be the second derivative of l**4/12 + l**3/6 + 25*l**2/2 + l - 19668. Let d be (-4)/(-10) - (-4)/(-10). Determine g(d).
25
Suppose 146 = -17*s + 91 - 234. Let a(i) = -2*i**2 - 32*i + 35. Determine a(s).
1
Let m = 16 - -5. Let y be (18/m)/(9/42). Let o(q) = -7*q**2 + 13*q + 2. Let p(n) = -4*n**2 + 7*n + 1. Let w(a) = -3*o(a) + 5*p(a). Give w(y).
-1
Let v(m) be the third derivative of m**5/60 + m**4/6 - m**3/3 + 6*m**2 - 2*m - 400. Let c(q) = -q**3 + 2*q. Let z be c(2). Give v(z).
-2
Let j(u) = 10*u - 111. Let v be (-14 + (74 + -2)/(-12))*4/(-5). What is j(v)?
49
Let q(g) be the second derivative of -g**5/20 - g**4/12 + 4*g**3/3 + g**2 - 2*g. Let d be q(-3). Let r = 4 + d. Let v(y) = y**2 - y - 5. What is v(r)?
-5
Suppose 169 = -20*d - 11. Let f(p) = p*